 5*u - 8 = 0, -2*b - 1 = -3*u + 1. Suppose 0 = b*k + k - 27. Is k a multiple of 6?
False
Let p(i) = i**3 + 6*i**2 - 8*i - 4. Let n be 1 + -6 + (0 - 2). Let s be p(n). Suppose -72 = -s*a + a. Does 10 divide a?
False
Let n be 98/(-4)*(-4)/(-2). Let l = n + 74. Does 25 divide l?
True
Suppose 0 = -k - 4*m - 18 + 2, 3*k + 12 = -3*m. Suppose -2*y + 4*y + 12 = k. Does 13 divide 225/y*(-6)/9?
False
Suppose 5*b + 3*z = 2*b + 12, -3*z + 12 = 5*b. Let v = b + -4. Does 3 divide (-15)/v + (-2)/(-8)?
False
Suppose 3*p = 0, 0 = 3*l + 4*p - 168. Suppose l = 3*k + k. Suppose -2*u + 50 = k. Is u a multiple of 12?
False
Let n = -87 + 127. Is 8 a factor of n?
True
Let x = 70 - 50. Is 20 a factor of x?
True
Suppose 0 = -m + 5*p - 2*p - 13, 0 = -4*m + 3*p - 7. Suppose m*a + 2*a = 16. Suppose -a*j + 23 = -5. Does 7 divide j?
True
Suppose 9 = 2*u + 3. Suppose 0 = -2*x + u*x - 47. Does 16 divide x?
False
Let d(u) = 4*u - 5. Let j be (-10)/4*(8 + -6). Let k be j/15 + (-32)/(-6). Does 15 divide d(k)?
True
Let q be 2/(-12)*1 + (-2515)/30. Suppose 540 = 5*d - d. Let a = d + q. Is 18 a factor of a?
False
Let l(i) = 5*i. Let w be l(3). Let b be (4/5)/(6/w). Suppose g = -b*g + 21. Does 7 divide g?
True
Suppose -26 = 3*d - 8. Let k(c) = -c + 3. Is k(d) a multiple of 8?
False
Let q = 11 - 8. Suppose -q*j + 30 = -0*j. Is 4 a factor of j?
False
Let p be 2 - (-4*7 + 0). Let s be (16/5)/(3/p). Let t = s + -12. Does 13 divide t?
False
Suppose 0 = 3*u - 39 - 93. Is 23 a factor of u?
False
Let u = -54 + 29. Let i = 41 + u. Is i a multiple of 8?
True
Suppose 3*q + 19 = 2*i, 4*i - 110 = -i - 5*q. Suppose -3*y + i - 5 = 0. Is (-1)/y + (-49)/(-4) a multiple of 10?
False
Suppose -2*s + 252 = 2*s. Suppose -m = 2*m - s. Is 9 a factor of m?
False
Let x be (-335)/(-4) - (-2)/8. Let n be 20/12 + (-3)/(-9). Suppose -n*o + x = 2*o. Does 10 divide o?
False
Suppose 3 = -r + 4*r. Let d = 3 - r. Suppose -28 = -d*t - 0*t. Is t a multiple of 6?
False
Let y(z) = -z**2 + 8*z - 5. Let g be y(7). Is 31 a factor of (-1 + g)/((-2)/(-124))?
True
Let l = 618 + -411. Is 14 a factor of l?
False
Does 40 divide (-2420)/(-12) - 2 - (-2)/6?
True
Suppose 3*p - 15 = 2*b, b = -5*p + 11 + 1. Let i(o) = -4*o + 3. Is i(b) a multiple of 15?
True
Let u be (1 - (-5 - -3)) + 3. Suppose -u*k = -4*k - 150. Is 15 a factor of k?
True
Suppose n + 39 = 3*y, -2*y - 3*n + 9 = -6. Is y a multiple of 4?
True
Let w(n) = -n**3 + 8*n**2 + 10*n - 41. Is 13 a factor of w(8)?
True
Let y(v) = -v + 3 - 2 + 2*v. Let k be y(-2). Does 3 divide (k - 6/(-4))*8?
False
Let i = 69 + -24. Is 9 a factor of i?
True
Let c(q) = -q**3 - 9*q**2 - 8*q + 10. Let j be 0 + -11 - (7 - 10). Does 3 divide c(j)?
False
Let l = -14 + 23. Let k(z) be the second derivative of -z**5/20 + 5*z**4/6 - z**3/2 - 3*z**2 + 3*z. Is k(l) a multiple of 23?
False
Let w(k) = k**3 - 5*k**2 - 11*k + 15. Is w(7) a multiple of 10?
False
Suppose 3*z - 109 = -2*p, z + p - 71 = -z. Does 26 divide z?
False
Let d(c) = 2*c**2 - 2*c - 14. Is 9 a factor of d(6)?
False
Let n(y) = 4*y**2 + 4*y + 8. Is 44 a factor of n(-5)?
True
Let l(t) be the third derivative of t**8/20160 - 7*t**6/720 - t**5/20 + 3*t**2. Let u(j) be the third derivative of l(j). Does 9 divide u(6)?
False
Let m = -7 - -9. Let j be m/(-6) + (-7)/(-3). Is 11 a factor of (-17 - (j - 1))/(-1)?
False
Suppose 4*f - 52 = 4*b, 2*b - 7*b - 53 = -2*f. Let y(l) = 2*l + 11. Let h be y(b). Let a(s) = -s**3 - 6*s**2 + 6*s + 1. Is a(h) a multiple of 5?
False
Suppose -4*j + 3*v = -449, -119 = -j - 0*j + 3*v. Does 22 divide j?
True
Let i = 0 + 10. Suppose -i = -4*o - 3*k + 5, -k = 4*o - 21. Is o a multiple of 6?
True
Suppose 4*u = -3*d + 7 + 9, 4 = 4*d + u. Suppose 4*s - 16 = -3*c, 2*s + 5*c - 8 = -d*c. Is 4 a factor of s?
True
Let j = -42 + 78. Let w = 4 - j. Does 15 divide (15/12)/((-1)/w)?
False
Let s(x) = 6*x + 6. Is s(5) a multiple of 9?
True
Let y(u) = -u**3 - 2*u**2 - 4. Let t be y(-3). Suppose -a + r + 0*r = 5, 0 = a + r + t. Is -1 - a/(10/42) a multiple of 11?
False
Let x be ((-15)/10)/((-3)/4). Suppose -14 = -5*u + x*m, m = -0 + 3. Suppose u*j - 4*z - 3 = 9, -3*j - 5*z + 41 = 0. Does 7 divide j?
True
Suppose -c + 98 = 2*f, 3*f + 8*c - 3*c - 147 = 0. Let b = f + 6. Is b a multiple of 13?
False
Let j(r) = -r**3 - 5*r**2 - 2*r + 5. Does 3 divide j(-5)?
True
Suppose -2*c - c - 48 = 0. Let r = -7 - c. Is 6 a factor of r?
False
Let v(s) = -s**2 + 0*s**2 + 7*s + 2*s - 9. Does 9 divide v(6)?
True
Let s(o) = o**3 - o**2 + 2*o + 4. Let m(a) = a**2 + 8*a - 8. Let z be m(-10). Suppose -z = -2*l - l. Does 20 divide s(l)?
True
Let p(k) = 3*k + 10. Let i(s) = 4*s + 15. Let g(f) = 5*i(f) - 7*p(f). Let d be g(5). Suppose -5*a + 10 - 89 = -4*u, 3*u - 2*a - 54 = d. Is u a multiple of 16?
True
Let d = 1 + 2. Suppose 0 = -q + d + 5. Is 3 a factor of q?
False
Suppose m - b + 2 = 0, 6*b + 2 = m + 3*b. Let f(k) = 9*k**2 + 5. Let o be f(m). Suppose 0 = -3*a + o - 17. Does 16 divide a?
False
Suppose -3*j + 181 = -2*j. Let p = -129 + j. Does 15 divide p?
False
Let a be -7*1 - (-5 + 2). Is 21 a factor of (-2)/a*-4 - -44?
True
Let c(q) = -2*q**3 - 9*q**2 + 19*q + 19. Is c(-8) a multiple of 10?
False
Let y(r) = -r**3 + 4*r**2 + r + 4. Let v(b) = b. Let z be v(4). Is 4 a factor of y(z)?
True
Let q(f) = 3*f**2. Let b be q(-1). Suppose b*s - 2*w - 42 = -5*w, 5*w = 4*s - 11. Suppose g - 1 = s. Does 3 divide g?
False
Suppose -5*x + 3*x = 3*y - 73, 0 = -2*x - 4*y + 70. Suppose 3*i - 34 = x. Does 11 divide i?
False
Does 2 divide ((-8)/12)/((-1)/6) - 2?
True
Is (3 + -12)/(-3) + (-423)/(-3) a multiple of 8?
True
Suppose -26 + 6 = -5*z. Suppose 0 = -z*r + 8 - 0. Suppose -36 = -r*t - 2*t. Does 9 divide t?
True
Let x(q) = -q**3 - 7*q**2 - 6*q + 1. Let m be x(-6). Is 18 a factor of -1 + (0 - m) + 38?
True
Let j(y) = 34*y**3 + y**2 - 2*y + 1. Suppose -71 + 1 = 5*f. Let l be ((-7)/f)/(2/4). Is j(l) a multiple of 17?
True
Is (-1)/((-3)/(-3)) + 25 a multiple of 8?
True
Suppose -2*h + 6 = -5*p + 3*p, 2*p - h + 1 = 0. Let k(i) = 4*i**2 + 2*i + 2*i**3 - 2 + 0*i**2 - 2*i**2. Is 14 a factor of k(p)?
False
Suppose 5*q - 7*q = -184. Is 14 a factor of q?
False
Let o(b) = -b**2 - 4*b + 13. Let j be o(-9). Let q = -20 - j. Is 12 a factor of q?
True
Suppose 3*a + 1 = 37. Let t = a - -2. Is 11 a factor of t?
False
Let q(l) = 4*l - 78. Is 3 a factor of q(24)?
True
Let m = 8 + -4. Suppose 10 = m*r + r. Is 2 a factor of r?
True
Let b(m) = 2*m - 5. Let s be b(4). Suppose -3*d = -9, 3*x + 0*d = -s*d + 9. Suppose -u + 5*u - 64 = x. Is u a multiple of 6?
False
Suppose 3 + 5 = 2*y. Let s = y + -10. Let v = 16 - s. Is 22 a factor of v?
True
Suppose 3*j = 61 - 34. Is j a multiple of 3?
True
Let o = 24 + 57. Is o a multiple of 21?
False
Let a(w) = -w**3 - 5*w**2 - 3*w + 5. Let t = -17 - -12. Is a(t) a multiple of 20?
True
Let s(g) = 3*g**2 - 2*g + 1. Let y be s(1). Suppose -5*o + 70 = 5*z, y*o - 6*o + 31 = -z. Does 5 divide o?
False
Let j = -5 + 9. Suppose 0*c - j = -2*c. Suppose c*l - 5*q - 19 = -0*q, 5*q = l - 7. Does 12 divide l?
True
Let h(w) = 5*w**2 + 5 - 5*w - 3*w + 2*w. Let f be h(4). Suppose -4*g + 39 + f = 0. Is 12 a factor of g?
False
Let l be (-2)/(-5) - 56/(-10). Suppose 0 = -m + l + 5. Let g = m + 7. Does 9 divide g?
True
Is ((-4)/(-6) + -1)/(26/(-3666)) a multiple of 27?
False
Let p(y) = -y**3 - 6*y**2 + 8. Is p(-7) a multiple of 19?
True
Is 6 a factor of 2/(-1) + 55 - 0?
False
Let v = -9 + 12. Let r(s) = 2*s**2 - s - 5. Is 3 a factor of r(v)?
False
Suppose -2*z + 14 = -3*o, o - 2 + 40 = 4*z. Is z a multiple of 10?
True
Let i be (19 + -4)*2/6. Suppose 5*y = 3*y + 6, -5*l = i*y - 75. Is l a multiple of 11?
False
Let u(d) = 7*d - 1. Let h be u(-1). Let a(y) = -2*y - 7. Let g be a(h). Does 22 divide (-2 + (-48)/g)*-3?
True
Let x(o) = -18*o. Is x(-4) a multiple of 12?
True
Suppose y - 688 = -3*y. Does 15 divide 1/(-2 + y/84)?
False
Is 2 a factor of 5 + (1 - (-4)/2)?
True
Let c(a) = 3*a**3 + 5*a**2 + 6*a - 4. Let t be c(-5). Is 1*2/((-8)/t) a multiple of 15?
False
Let m(r) = r**3 + 9*r**2 - 10*r + 22. Is m(-10) a multiple of 11?
True
Suppose 2*x - 1 = 3. Let a(o) = -o**3 - 5*o**2 - 4*o + 5. Let u be a(-4). Suppose u*k + 80 = 5*w, -28 = -w - 2*w - x*k. Is w a multiple of 12?
True
Let b be (270/21)/((-1)/(-14)). Suppose 6*m - m = -b. Does 9 divide m/(-5)*20/6?
False
Suppose 4*m - 12 = -4*b,